pose -4*j + 2*w + 44 = 0, 2*j - 23 = 5*w - 1. What is the tens digit of j?
1
Let k be -3*(-4 + 2/1). Suppose -2*x + 0*x = -k. Suppose 0 = -3*h - 4*a + 7, -x*h + 2*a = -2 + 1. What is the units digit of h?
1
Let k(c) = -c**2 - 6*c. Let l be k(-5). Suppose -o + 15 = v - 2*o, -2*v = -l*o - 21. What is the units digit of v?
8
Suppose 8*v - 12*v = -104. What is the tens digit of v?
2
Suppose -2*y - 32 = -0*y. Suppose 2*j + 7 + 5 = 0. What is the units digit of (y/j)/((-1)/(-3))?
8
Let y be ((-2)/(-3))/(6/27). Suppose 12 = -5*d - y*f - 13, 5*d + 25 = -4*f. Let g = -4 - d. What is the units digit of g?
1
Suppose -30 = -2*b - 4*d, -32 = -5*d - 7. Suppose 0 = b*q - s - 274, -q = s - 2*s - 54. What is the units digit of q?
5
Let c = -6 - 21. Let n be (1/(-3))/(3/c). Suppose p - n*p + 10 = 0. What is the units digit of p?
5
What is the tens digit of 67*5*(160/25 + -6)?
3
What is the units digit of ((-13)/1)/((-1)/2)?
6
Suppose 3*j + 3*a - 29 - 514 = 0, 0 = 3*a. What is the units digit of j?
1
Let u(b) = -3*b - 4. What is the tens digit of u(-5)?
1
What is the tens digit of (3 - 18)/(6/(-4))?
1
Suppose -7 + 19 = -2*a. What is the units digit of (30/(-9))/(4/a)?
5
Suppose -2*p - 25 = -4*i + p, -11 = i + 5*p. Suppose -i*u + 185 = u. What is the tens digit of u?
3
Let r(p) = p - 1. Let u be r(3). Suppose 10 = 2*v - o, -2*v + 4*o + 2 = -u. Suppose 3*z + h = 6, -3 + v = 3*z + 2*h. What is the units digit of z?
3
Suppose 4*y - 210 = -2*h + 12, -3*h + 2*y + 309 = 0. Suppose 0*m = 5*m - h. What is the units digit of m?
1
Suppose -13*d + 9*d = -1180. What is the tens digit of d?
9
Let r(o) = o**3 + 14*o**2 + 7*o - 12. What is the units digit of r(-13)?
6
Suppose -92*a + 88*a + 276 = 0. What is the units digit of a?
9
Suppose 2*h - 13 = 5*i - 3, -h - 2*i = -14. Let d be -12*(0 + 5/(-4)). Let x = d - h. What is the units digit of x?
5
Let n(z) = -z + 8. Let w be n(8). Suppose w*b = -3*b + 54. What is the tens digit of b?
1
Let s(i) = i**3 + 3*i**2 - 1. Let g be s(-2). Suppose -g*v + 7 = -14. What is the units digit of v?
7
Suppose -2*v + 2*m = 6, 2*m - 6*m - 23 = 3*v. Let z = v + 8. What is the units digit of z?
3
Suppose 2*a - 131 - 137 = -4*l, 5*l + 295 = 2*a. What is the hundreds digit of a?
1
Let u be (10/3)/((-1)/(-3)). Suppose 3*g = 25 - u. Suppose -g = -3*t + 4. What is the units digit of t?
3
Suppose 2*b = -3*r - 0*r + 8, 0 = -r + 4*b - 16. Suppose r*i + 32 = 4*i. What is the units digit of i?
8
Let w be (0 + -1)/((-4)/32). Suppose 5*t - 3*b - 3 = 6, 2*t = 2*b + 6. Let j = w + t. What is the units digit of j?
8
Suppose 71 + 4 = 5*m. Let i = 29 - m. What is the tens digit of i?
1
Suppose -3*v - 15 = 0, 2*v = -2*k - 2*k - 42. Let s be k/(-5) - 2/(-5). Suppose 5*u = z + 26, -s*u = 2*z - 0 - 8. What is the units digit of u?
5
What is the units digit of (-18)/4*(-36)/9?
8
Let h = -65 - -80. What is the units digit of h?
5
Let f(d) = -2*d**3 - 3*d**2 - 2*d - 3. Let h be f(-2). Suppose -2*a = -h*i + 2, 4*a - 1 - 9 = 3*i. What is the units digit of i?
2
Let r(i) be the first derivative of -i**3/3 + 7*i**2/2 + 3*i - 1. What is the units digit of r(4)?
5
Suppose 3 = h + j - 5*j, -3*h + 54 = -3*j. What is the units digit of h?
3
Let a = -11 - -5. What is the tens digit of 48/(-2)*a/9?
1
What is the units digit of (-4)/6 + (-170)/(-3)?
6
Let k be 1/3 - 31/3. What is the units digit of (1 + k)*(-6)/9?
6
Let z(q) be the first derivative of -q**4/4 - 7*q**3/3 - q**2/2 + 7*q - 2. Let w be z(-7). Suppose 0*n = n - w. What is the units digit of n?
4
Suppose d + 5 = 0, 0 = -4*c - d + 42 + 25. Suppose 6 - c = -5*k - l, 3 = -l. Suppose 0 = -x, -k*w + 6*w - 4*x - 36 = 0. What is the tens digit of w?
1
Let v = 1 - 1. Let b be v/(3/(9/(-6))). Suppose 2*h - 2*z - 2 = -b*h, 3*h + z = 15. What is the units digit of h?
4
Suppose -1393 = -22*j + 15*j. What is the hundreds digit of j?
1
Let f(k) = -k + 2. Let v be f(-4). Let y be ((-2)/(-6))/(1/v). Let a(i) = 2*i - 1. What is the units digit of a(y)?
3
Let l(n) = -4*n**3 - 5*n**2 + 3*n**3 + 2*n**2 - n**3 - 2*n. What is the units digit of l(-2)?
8
Let f = 5 - -1. Let m(q) = 2*q - 8. What is the units digit of m(f)?
4
Suppose 0*o = -3*o + 27. Suppose -1 + o = 2*t. Suppose -10 = 5*i, -t*i = 3*w - 0*i - 7. What is the units digit of w?
5
What is the tens digit of ((-120)/100)/((-2)/75)?
4
Suppose -f + 191 = 2*f + 4*n, f + 5*n = 82. What is the tens digit of f?
5
Let w = -10 - -15. Suppose w*o - 17 = -3*y, 4*y + 23 + 1 = 5*o. Let r = 2 + o. What is the units digit of r?
6
Let n = -71 - -151. Suppose 0 = 4*f - 0*f - n. What is the units digit of f?
0
Let a = 0 + 6. Suppose 22 + a = w. What is the tens digit of w?
2
Let i(x) be the third derivative of -1/2*x**3 + 3*x**2 + 0 + 0*x + 1/24*x**4 + 1/60*x**5. What is the units digit of i(3)?
9
Let m be 1/3 + (-33)/(-9). Suppose -135 + 43 = -m*w. What is the units digit of w?
3
Let w(u) = u**2 + u - 1. Let i be w(-2). Let l = i - 6. What is the units digit of 2*-1*l/2?
5
What is the tens digit of (6/(-12))/(3/(-1512))?
5
Let k be ((-6)/4)/(18/(-1284)). Let l = k + -74. What is the tens digit of l?
3
Let y = 188 - 128. What is the units digit of y?
0
Suppose 2*q = 5*q - 15. Let c = -3 + q. Suppose -5*y = -5*t + 10, c*t - y - 6 = -0*t. What is the units digit of t?
4
Let v(t) = t**3 + 11*t**2 + 8*t + 11. Let i be v(-10). Let o = i + -17. Let h = o + -6. What is the units digit of h?
8
Let r be (4/8 + 0)*-8. What is the units digit of (-2)/(-1 + 0/r)?
2
Suppose -3*o = 9, d + o - 8 = 2*o. Let u = 13 - d. What is the units digit of u?
8
Let w(j) = -3*j. Suppose -15 = d + 2*d. What is the tens digit of w(d)?
1
Let a = 124 + -70. What is the tens digit of a?
5
Let n(u) = 4 + u - u + 7 + u. Let m be n(-6). Suppose 3*a - m*a + 12 = 0. What is the units digit of a?
6
Let m = -196 - -278. What is the units digit of m?
2
Suppose 0 = -3*h - 2*o + 15, h - 2*o + 9 = 2*o. Suppose -5*r - i + 27 = 3*i, 5*r = -h*i + 24. What is the units digit of r?
3
What is the units digit of 4/(-1) - (-21 - 5)?
2
Let n(z) = -7*z - 3. Let p(w) = 6*w + 2. Let a(d) = 2*n(d) + 3*p(d). What is the units digit of a(2)?
8
Let q = 70 + -34. Suppose 0 = 5*s + 4 + q. What is the units digit of 1*17 - (-5 - s)?
4
Suppose 0 = c - 6*c + 145. Suppose 0 = 2*k - c - 3. What is the tens digit of k?
1
Let m = -12 + 8. Let o be 10/m - 2/(-4). What is the units digit of 2*((-7)/o)/1?
7
Let a(g) = 2*g**2 - 2*g + 3. Let n = 11 - 17. Let y be ((-3)/n)/(1/4). What is the units digit of a(y)?
7
Let p(v) = -14*v - 1. Let m be p(-5). Suppose 3*o = -0*o + m. Suppose 3*t - o = 1. What is the units digit of t?
8
Suppose -2*o + 18 = -2*b - 0*o, 3*b = -5*o - 3. What is the units digit of 2/(0 - b/21)?
7
Let y(z) = z**3 - 7*z**2 + 6*z + 8. Let g(l) = 2*l - 2. Let v be g(4). Let s be y(v). What is the units digit of (-5 + s)*8/3?
8
Suppose -q = -2*q + 4. Suppose 5*t - 30 = y, 48 = 4*t + q*y - 0*y. What is the units digit of t?
7
Let c = 8 + -7. What is the units digit of c?
1
Suppose -2*q + 42 = q. What is the tens digit of q?
1
Suppose 5*j - 3*u = 201, -4*j + 121 = 2*u - 53. Suppose 0*d = -d + j. What is the units digit of d?
2
Let i(n) = n**3 + 12*n**2 - 14*n + 3. What is the units digit of i(-13)?
6
Let f(w) be the first derivative of -w**6/120 + 11*w**5/60 + w**3/3 + 3*w**2/2 - 1. Let v(j) be the second derivative of f(j). What is the units digit of v(11)?
2
What is the units digit of ((-60)/(-16) + 4)*8?
2
Suppose 5*a = 85 + 615. Suppose -3*w - z = -105, -4*w + 0*z + a = z. What is the tens digit of w?
3
Suppose 3*j = 2*a + 9, 0 = -2*a + 6*a - 12. Suppose 2*h + 3*n = j, 3*n + 17 = 3*h - 2*n. What is the units digit of h?
4
What is the units digit of -4 - (0 + -4 + -10)?
0
Suppose 0 = -4*a - 2*i - 40 - 12, 2*a - 4*i + 26 = 0. Let r = a + 35. What is the tens digit of r?
2
Let m(i) = 2*i**2. Let q be m(-2). Suppose q*n - 11*n + 18 = 0. What is the units digit of n?
6
Let d be (-3)/6*0 + 8. What is the units digit of 22/d + (-5)/(-20)?
3
Suppose 0 = -t - 3*k - 5, 0 = -0*t + 4*t - 2*k - 50. Suppose 7*h - t*h + 36 = 0. What is the units digit of h?
2
Suppose 0 = -2*q + 5*d + 55, 125 = -4*q + 8*q + 5*d. Let o = q + -7. What is the units digit of o?
3
Let r = -2 + 1. Let h(y) = y**2 - y. Let s be h(-2). Let j = r + s. What is the units digit of j?
5
Suppose -568 